{"id":338,"date":"2024-01-19T19:27:40","date_gmt":"2024-01-19T19:27:40","guid":{"rendered":"https:\/\/ecolepalaisdudey.com\/?page_id=338"},"modified":"2024-02-01T12:48:34","modified_gmt":"2024-02-01T12:48:34","slug":"inscription","status":"publish","type":"page","link":"https:\/\/ecolepalaisdudey.com\/index.php\/inscription\/","title":{"rendered":"inscription"},"content":{"rendered":"\t\t<div data-elementor-type=\"wp-page\" data-elementor-id=\"338\" class=\"elementor elementor-338\">\n\t\t\t\t<div class=\"elementor-element elementor-element-391b7f9 e-flex e-con-boxed e-con e-parent\" data-id=\"391b7f9\" data-element_type=\"container\" data-e-type=\"container\">\n\t\t\t\t\t<div class=\"e-con-inner\">\n\t\t<div class=\"elementor-element elementor-element-476be1b e-con-full e-flex e-con e-child\" data-id=\"476be1b\" data-element_type=\"container\" data-e-type=\"container\">\n\t\t\t\t<div class=\"elementor-element elementor-element-4123df2 elementor-widget elementor-widget-wpforms\" data-id=\"4123df2\" data-element_type=\"widget\" data-e-type=\"widget\" data-widget_type=\"wpforms.default\">\n\t\t\t\t<div class=\"elementor-widget-container\">\n\t\t\t\t\t<div class=\"wpforms-container wpforms-container-full wpforms-render-modern\" id=\"wpforms-719\"><form id=\"wpforms-form-719\" class=\"wpforms-validate wpforms-form wpforms-ajax-form\" data-formid=\"719\" method=\"post\" enctype=\"multipart\/form-data\" action=\"\/index.php\/wp-json\/wp\/v2\/pages\/338\" data-token=\"359723985aa241bcfbb06094d97eb126\" data-token-time=\"1776408937\"><noscript class=\"wpforms-error-noscript\">Please enable JavaScript in your browser to complete this form.<\/noscript><div id=\"wpforms-error-noscript\" style=\"display: none;\">Please enable JavaScript in your browser to complete this form.<\/div><div class=\"wpforms-field-container\"><div id=\"wpforms-719-field_1-container\" class=\"wpforms-field wpforms-field-name\" data-field-id=\"1\"><fieldset><legend class=\"wpforms-field-label\">Nom et Pr\u00e9nom <span class=\"wpforms-required-label\" aria-hidden=\"true\">*<\/span><\/legend><div class=\"wpforms-field-row wpforms-field-large\"><div class=\"wpforms-field-row-block wpforms-first wpforms-one-half\"><input type=\"text\" id=\"wpforms-719-field_1\" class=\"wpforms-field-name-first wpforms-field-required\" name=\"wpforms[fields][1][first]\" placeholder=\"Nom\" aria-errormessage=\"wpforms-719-field_1-error\" required><label for=\"wpforms-719-field_1\" class=\"wpforms-field-sublabel after wpforms-sublabel-hide\">First<\/label><\/div><div class=\"wpforms-field-row-block wpforms-one-half\"><input type=\"text\" id=\"wpforms-719-field_1-last\" class=\"wpforms-field-name-last wpforms-field-required\" name=\"wpforms[fields][1][last]\" placeholder=\"Pr\u00e9nom\" aria-errormessage=\"wpforms-719-field_1-last-error\" required><label for=\"wpforms-719-field_1-last\" class=\"wpforms-field-sublabel after wpforms-sublabel-hide\">Last<\/label><\/div><\/div><\/fieldset><\/div><div id=\"wpforms-719-field_10-container\" class=\"wpforms-field wpforms-field-text\" data-field-id=\"10\"><label class=\"wpforms-field-label\" for=\"wpforms-719-field_10\">Date de Naissance <span class=\"wpforms-required-label\" aria-hidden=\"true\">*<\/span><\/label><input type=\"text\" id=\"wpforms-719-field_10\" class=\"wpforms-field-large wpforms-field-required\" name=\"wpforms[fields][10]\" aria-errormessage=\"wpforms-719-field_10-error\" required><\/div><div id=\"wpforms-719-field_11-container\" class=\"wpforms-field wpforms-field-text\" data-field-id=\"11\"><label class=\"wpforms-field-label\" for=\"wpforms-719-field_11\">Lieu de Naissance  <span class=\"wpforms-required-label\" aria-hidden=\"true\">*<\/span><\/label><input type=\"text\" id=\"wpforms-719-field_11\" class=\"wpforms-field-large wpforms-field-required\" name=\"wpforms[fields][11]\" aria-errormessage=\"wpforms-719-field_11-error\" required><\/div><div id=\"wpforms-719-field_12-container\" class=\"wpforms-field wpforms-field-text\" data-field-id=\"12\"><label class=\"wpforms-field-label\" for=\"wpforms-719-field_12\">Adress Personnelle <span class=\"wpforms-required-label\" aria-hidden=\"true\">*<\/span><\/label><input type=\"text\" id=\"wpforms-719-field_12\" class=\"wpforms-field-large wpforms-field-required\" name=\"wpforms[fields][12]\" aria-errormessage=\"wpforms-719-field_12-error\" required><\/div><div id=\"wpforms-719-field_13-container\" class=\"wpforms-field wpforms-field-number\" data-field-id=\"13\"><label class=\"wpforms-field-label\" for=\"wpforms-719-field_13\">Numero de T\u00e9l\u00e9phone <span class=\"wpforms-required-label\" aria-hidden=\"true\">*<\/span><\/label><input type=\"number\" id=\"wpforms-719-field_13\" class=\"wpforms-field-large wpforms-field-required\" name=\"wpforms[fields][13]\" step=\"any\" aria-errormessage=\"wpforms-719-field_13-error\" required><\/div><div id=\"wpforms-719-field_8-container\" class=\"wpforms-field wpforms-field-email\" data-field-id=\"8\"><label class=\"wpforms-field-label\" for=\"wpforms-719-field_8\">E-MAIL <span class=\"wpforms-required-label\" aria-hidden=\"true\">*<\/span><\/label><input type=\"email\" id=\"wpforms-719-field_8\" class=\"wpforms-field-large wpforms-field-required\" name=\"wpforms[fields][8]\" spellcheck=\"false\" aria-errormessage=\"wpforms-719-field_8-error\" required><\/div><div id=\"wpforms-719-field_14-container\" class=\"wpforms-field wpforms-field-select wpforms-field-select-style-classic\" data-field-id=\"14\"><label class=\"wpforms-field-label\" for=\"wpforms-719-field_14\">Niveau D&#039;\u00e9tude<\/label><select id=\"wpforms-719-field_14\" class=\"wpforms-field-large\" name=\"wpforms[fields][14]\"><option value=\"4 AM\"  class=\"choice-4 depth-1\"  >4 AM<\/option><option value=\"1 AS\"  class=\"choice-1 depth-1\"  >1 AS<\/option><option value=\"2 AS\"  class=\"choice-8 depth-1\"  >2 AS<\/option><option value=\"3 AS\"  class=\"choice-9 depth-1\"  >3 AS<\/option><option value=\"TS\"  class=\"choice-10 depth-1\"  >TS<\/option><option value=\"BAC\"  class=\"choice-11 depth-1\"  >BAC<\/option><option value=\"LICENCE\"  class=\"choice-12 depth-1\"  >LICENCE<\/option><option value=\"INGENIEUR\"  class=\"choice-13 depth-1\"  >INGENIEUR<\/option><\/select><\/div><div id=\"wpforms-719-field_6-container\" class=\"wpforms-field wpforms-field-select wpforms-field-select-style-classic\" data-field-id=\"6\"><label class=\"wpforms-field-label\" for=\"wpforms-719-field_6\">Formation <span class=\"wpforms-required-label\" aria-hidden=\"true\">*<\/span><\/label><select id=\"wpforms-719-field_6\" class=\"wpforms-field-large wpforms-field-required\" name=\"wpforms[fields][6]\" required=\"required\"><option value=\"QHSE et Certification ISO\"  class=\"choice-5 depth-1\"  >QHSE et Certification ISO<\/option><option value=\"Informatique et Maintenance\"  class=\"choice-6 depth-1\"  >Informatique et Maintenance<\/option><option value=\"Gestion et Management\"  class=\"choice-7 depth-1\"  >Gestion et Management<\/option><option value=\"Langues\"  class=\"choice-8 depth-1\"  >Langues<\/option><option value=\"Validation de Comp\u00e9tences\"  class=\"choice-9 depth-1\"  >Validation de Comp\u00e9tences<\/option><option value=\"\u00c9nergies Renouvelables\"  class=\"choice-10 depth-1\"  >\u00c9nergies Renouvelables<\/option><option value=\"Formations Exig\u00e9es Par la R\u00e9glementation\"  class=\"choice-11 depth-1\"  >Formations Exig\u00e9es Par la R\u00e9glementation<\/option><option value=\"Formation \u00e0 la Carte\"  class=\"choice-12 depth-1\"  >Formation \u00e0 la Carte<\/option><option value=\"Cour de Soutien pour \u00c9l\u00e8ve\"  class=\"choice-13 depth-1\"  >Cour de Soutien pour \u00c9l\u00e8ve<\/option><option value=\"Assurance\"  class=\"choice-15 depth-1\"  >Assurance<\/option><option value=\"Cr\u00e9ation Site Web\"  class=\"choice-16 depth-1\"  >Cr\u00e9ation Site Web<\/option><option value=\"Reunion D&#039;information\"  class=\"choice-17 depth-1\"  >Reunion D'information<\/option><option value=\"D\u00e9l\u00e9gu\u00e9 M\u00e9dical\"  class=\"choice-18 depth-1\"  >D\u00e9l\u00e9gu\u00e9 M\u00e9dical<\/option><option value=\"Cours de Soutiens aux \u00e9l\u00e8ves\"  class=\"choice-19 depth-1\"  >Cours de Soutiens aux \u00e9l\u00e8ves<\/option><\/select><\/div><div id=\"wpforms-719-field_15-container\" class=\"wpforms-field wpforms-field-select wpforms-field-select-style-classic\" data-field-id=\"15\"><label class=\"wpforms-field-label\" for=\"wpforms-719-field_15\">Mode de Formation <span class=\"wpforms-required-label\" aria-hidden=\"true\">*<\/span><\/label><select id=\"wpforms-719-field_15\" class=\"wpforms-field-large wpforms-field-required\" name=\"wpforms[fields][15]\" required=\"required\"><option value=\"Standard\"  class=\"choice-5 depth-1\"  >Standard<\/option><option value=\"A La Carte\"  class=\"choice-6 depth-1\"  >A La Carte<\/option><option value=\"Intensif\"  class=\"choice-7 depth-1\"  >Intensif<\/option><option value=\"Par Correspondance\"  class=\"choice-8 depth-1\"  >Par Correspondance<\/option><\/select><\/div><\/div><!-- .wpforms-field-container --><div class=\"wpforms-recaptcha-container wpforms-is-recaptcha wpforms-is-recaptcha-type-v2\" ><div class=\"g-recaptcha\" data-sitekey=\"6Ld11MYqAAAAAF_3o9C7ZcTqRP6Q5ldEG-qicN2w\"><\/div><input type=\"text\" name=\"g-recaptcha-hidden\" class=\"wpforms-recaptcha-hidden\" style=\"position:absolute!important;clip:rect(0,0,0,0)!important;height:1px!important;width:1px!important;border:0!important;overflow:hidden!important;padding:0!important;margin:0!important;\" data-rule-recaptcha=\"1\"><\/div><div class=\"wpforms-submit-container\" ><input type=\"hidden\" name=\"wpforms[id]\" value=\"719\"><input type=\"hidden\" name=\"page_title\" value=\"\"><input type=\"hidden\" name=\"page_url\" value=\"https:\/\/ecolepalaisdudey.com\/index.php\/wp-json\/wp\/v2\/pages\/338\"><input type=\"hidden\" name=\"url_referer\" value=\"\"><button type=\"submit\" name=\"wpforms[submit]\" id=\"wpforms-submit-719\" class=\"wpforms-submit\" data-alt-text=\"S&#039;INSCRIRE...\" data-submit-text=\"S&#039;INSCRIRE\" aria-live=\"assertive\" value=\"wpforms-submit\">S&#039;INSCRIRE<\/button><img decoding=\"async\" src=\"https:\/\/ecolepalaisdudey.com\/wp-content\/plugins\/wpforms-lite\/assets\/images\/submit-spin.svg\" class=\"wpforms-submit-spinner\" style=\"display: none;\" width=\"26\" height=\"26\" alt=\"Loading\"><\/div><\/form><\/div>  <!-- .wpforms-container -->\t\t\t\t<\/div>\n\t\t\t\t<\/div>\n\t\t\t\t<\/div>\n\t\t<div class=\"elementor-element elementor-element-4f1a606 e-con-full e-flex e-con e-child\" data-id=\"4f1a606\" data-element_type=\"container\" data-e-type=\"container\">\n\t\t\t\t<\/div>\n\t\t\t\t\t<\/div>\n\t\t\t\t<\/div>\n\t\t\t\t<\/div>\n\t\t","protected":false},"excerpt":{"rendered":"<p>Please enable JavaScript in your browser to complete this form.Please enable JavaScript in your browser to complete this form. Nom et Pr\u00e9nom * FirstLast Date de Naissance *Lieu de Naissance *Adress Personnelle *Numero de T\u00e9l\u00e9phone *E-MAIL *Niveau D&#039;\u00e9tude4 AM1 AS4 AM1 AS2 AS3 ASTSBACLICENCEINGENIEURFORMATION *QHSE et Certification ISOInformatique et MaintenanceGestion et ManagementLanguesValidation de Comp\u00e9tences\u00c9nergies RenouvelablesFormations [&hellip;]<\/p>\n","protected":false},"author":1,"featured_media":0,"parent":0,"menu_order":0,"comment_status":"closed","ping_status":"closed","template":"","meta":{"ocean_post_layout":"","ocean_both_sidebars_style":"","ocean_both_sidebars_content_width":0,"ocean_both_sidebars_sidebars_width":0,"ocean_sidebar":"","ocean_second_sidebar":"","ocean_disable_margins":"enable","ocean_add_body_class":"","ocean_shortcode_before_top_bar":"","ocean_shortcode_after_top_bar":"","ocean_shortcode_before_header":"","ocean_shortcode_after_header":"","ocean_has_shortcode":"","ocean_shortcode_after_title":"","ocean_shortcode_before_footer_widgets":"","ocean_shortcode_after_footer_widgets":"","ocean_shortcode_before_footer_bottom":"","ocean_shortcode_after_footer_bottom":"","ocean_display_top_bar":"default","ocean_display_header":"default","ocean_header_style":"","ocean_center_header_left_menu":"","ocean_custom_header_template":"","ocean_custom_logo":0,"ocean_custom_retina_logo":0,"ocean_custom_logo_max_width":0,"ocean_custom_logo_tablet_max_width":0,"ocean_custom_logo_mobile_max_width":0,"ocean_custom_logo_max_height":0,"ocean_custom_logo_tablet_max_height":0,"ocean_custom_logo_mobile_max_height":0,"ocean_header_custom_menu":"","ocean_menu_typo_font_family":"","ocean_menu_typo_font_subset":"","ocean_menu_typo_font_size":0,"ocean_menu_typo_font_size_tablet":0,"ocean_menu_typo_font_size_mobile":0,"ocean_menu_typo_font_size_unit":"px","ocean_menu_typo_font_weight":"","ocean_menu_typo_font_weight_tablet":"","ocean_menu_typo_font_weight_mobile":"","ocean_menu_typo_transform":"","ocean_menu_typo_transform_tablet":"","ocean_menu_typo_transform_mobile":"","ocean_menu_typo_line_height":0,"ocean_menu_typo_line_height_tablet":0,"ocean_menu_typo_line_height_mobile":0,"ocean_menu_typo_line_height_unit":"","ocean_menu_typo_spacing":0,"ocean_menu_typo_spacing_tablet":0,"ocean_menu_typo_spacing_mobile":0,"ocean_menu_typo_spacing_unit":"","ocean_menu_link_color":"","ocean_menu_link_color_hover":"","ocean_menu_link_color_active":"","ocean_menu_link_background":"","ocean_menu_link_hover_background":"","ocean_menu_link_active_background":"","ocean_menu_social_links_bg":"","ocean_menu_social_hover_links_bg":"","ocean_menu_social_links_color":"","ocean_menu_social_hover_links_color":"","ocean_disable_title":"default","ocean_disable_heading":"default","ocean_post_title":"","ocean_post_subheading":"","ocean_post_title_style":"","ocean_post_title_background_color":"","ocean_post_title_background":0,"ocean_post_title_bg_image_position":"","ocean_post_title_bg_image_attachment":"","ocean_post_title_bg_image_repeat":"","ocean_post_title_bg_image_size":"","ocean_post_title_height":0,"ocean_post_title_bg_overlay":0.5,"ocean_post_title_bg_overlay_color":"","ocean_disable_breadcrumbs":"default","ocean_breadcrumbs_color":"","ocean_breadcrumbs_separator_color":"","ocean_breadcrumbs_links_color":"","ocean_breadcrumbs_links_hover_color":"","ocean_display_footer_widgets":"default","ocean_display_footer_bottom":"default","ocean_custom_footer_template":"","footnotes":""},"class_list":["post-338","page","type-page","status-publish","hentry","entry"],"_links":{"self":[{"href":"https:\/\/ecolepalaisdudey.com\/index.php\/wp-json\/wp\/v2\/pages\/338","targetHints":{"allow":["GET"]}}],"collection":[{"href":"https:\/\/ecolepalaisdudey.com\/index.php\/wp-json\/wp\/v2\/pages"}],"about":[{"href":"https:\/\/ecolepalaisdudey.com\/index.php\/wp-json\/wp\/v2\/types\/page"}],"author":[{"embeddable":true,"href":"https:\/\/ecolepalaisdudey.com\/index.php\/wp-json\/wp\/v2\/users\/1"}],"replies":[{"embeddable":true,"href":"https:\/\/ecolepalaisdudey.com\/index.php\/wp-json\/wp\/v2\/comments?post=338"}],"version-history":[{"count":0,"href":"https:\/\/ecolepalaisdudey.com\/index.php\/wp-json\/wp\/v2\/pages\/338\/revisions"}],"wp:attachment":[{"href":"https:\/\/ecolepalaisdudey.com\/index.php\/wp-json\/wp\/v2\/media?parent=338"}],"curies":[{"name":"wp","href":"https:\/\/api.w.org\/{rel}","templated":true}]}}