{"id":498,"date":"2024-01-30T12:27:33","date_gmt":"2024-01-30T12:27:33","guid":{"rendered":"https:\/\/ecolepalaisdudey.com\/?page_id=498"},"modified":"2024-02-07T19:59:31","modified_gmt":"2024-02-07T19:59:31","slug":"courtes-durees","status":"publish","type":"page","link":"https:\/\/ecolepalaisdudey.com\/index.php\/courtes-durees\/","title":{"rendered":"Courtes dur\u00e9es"},"content":{"rendered":"\t\t<div data-elementor-type=\"wp-page\" data-elementor-id=\"498\" class=\"elementor elementor-498\">\n\t\t\t\t<div class=\"elementor-element elementor-element-3674179 e-flex e-con-boxed elementor-invisible e-con e-parent\" data-id=\"3674179\" data-element_type=\"container\" data-e-type=\"container\" data-settings=\"{&quot;animation&quot;:&quot;zoomIn&quot;}\">\n\t\t\t\t\t<div class=\"e-con-inner\">\n\t\t\t\t<div class=\"elementor-element elementor-element-a0bb68f elementor-widget elementor-widget-heading\" data-id=\"a0bb68f\" data-element_type=\"widget\" data-e-type=\"widget\" data-widget_type=\"heading.default\">\n\t\t\t\t<div class=\"elementor-widget-container\">\n\t\t\t\t\t<h2 class=\"elementor-heading-title elementor-size-default\">Objectifs<\/h2>\t\t\t\t<\/div>\n\t\t\t\t<\/div>\n\t\t\t\t<div class=\"elementor-element elementor-element-d00c739 elementor-widget elementor-widget-text-editor\" data-id=\"d00c739\" data-element_type=\"widget\" data-e-type=\"widget\" data-widget_type=\"text-editor.default\">\n\t\t\t\t<div class=\"elementor-widget-container\">\n\t\t\t\t\t\t\t\t\t<p>L&#8217;objectif de ces formations est de permettre aux personnels exer\u00e7ants au niveau des agences d&#8217;assurances, des directions r\u00e9gionales et m\u00eame ceux relevant de la Direction G\u00e9n\u00e9rale de ma\u00eetriser les produits d&#8217;assurance dans tous leurs aspects &#8221; production et sinistre&#8221; . Cette ma\u00eetrise permettra au personnel exer\u00e7ant au niveau des agences de mieux commercialiser des produits d&#8217;assurance et de g\u00e9rer la partie sinistre pour un meilleur service de la client\u00e9lle et aussi d&#8217;avoir une vue d&#8217;ensemble sur tous les volets du m\u00e9tier des assurances.<\/p>\t\t\t\t\t\t\t\t<\/div>\n\t\t\t\t<\/div>\n\t\t\t\t<div class=\"elementor-element elementor-element-70bb981 elementor-widget elementor-widget-heading\" data-id=\"70bb981\" data-element_type=\"widget\" data-e-type=\"widget\" data-widget_type=\"heading.default\">\n\t\t\t\t<div class=\"elementor-widget-container\">\n\t\t\t\t\t<h2 class=\"elementor-heading-title elementor-size-default\">Th\u00e9matiques <\/h2>\t\t\t\t<\/div>\n\t\t\t\t<\/div>\n\t\t\t\t<div class=\"elementor-element elementor-element-f7f3471 elementor-widget elementor-widget-text-editor\" data-id=\"f7f3471\" data-element_type=\"widget\" data-e-type=\"widget\" data-widget_type=\"text-editor.default\">\n\t\t\t\t<div class=\"elementor-widget-container\">\n\t\t\t\t\t\t\t\t\t<ul><li>Gestion des contrats d&#8217;assurance;<\/li><li>Introduction \u00e0 la r\u00e9assurance;<\/li><li>La Bancassurance;<\/li><li>L&#8217;assurance des risques techniques &#8211; Engineering;<\/li><li>Les Assurance responsabilit\u00e9 Civiles;<\/li><li>Les Assurances Obligatoires pour Entreprises;<\/li><li>Les Assurances Automobiles;<\/li><li>Les Assurances Tous Risques Chantiers &amp; Tous risques Montage;<\/li><li>Les Assurances Tous Risques Engins de chantiers;<\/li><li>Les Assurances Tous Risques Informatiques;<\/li><li>Les Assurances transport des facult\u00e9s;<\/li><li>Les Fondamentaux de l&#8217;assurance;<\/li><li>Les Risques Industriels<\/li><\/ul>\t\t\t\t\t\t\t\t<\/div>\n\t\t\t\t<\/div>\n\t\t\t\t\t<\/div>\n\t\t\t\t<\/div>\n\t\t\t\t<\/div>\n\t\t","protected":false},"excerpt":{"rendered":"<p>Objectifs L&#8217;objectif de ces formations est de permettre aux personnels exer\u00e7ants au niveau des agences d&#8217;assurances, des directions r\u00e9gionales et m\u00eame ceux relevant de la Direction G\u00e9n\u00e9rale de ma\u00eetriser les produits d&#8217;assurance dans tous leurs aspects &#8221; production et sinistre&#8221; . Cette ma\u00eetrise permettra au personnel exer\u00e7ant au niveau des agences de mieux commercialiser des [&hellip;]<\/p>\n","protected":false},"author":1,"featured_media":0,"parent":0,"menu_order":0,"comment_status":"closed","ping_status":"closed","template":"","meta":{"ocean_post_layout":"","ocean_both_sidebars_style":"","ocean_both_sidebars_content_width":0,"ocean_both_sidebars_sidebars_width":0,"ocean_sidebar":"","ocean_second_sidebar":"","ocean_disable_margins":"enable","ocean_add_body_class":"","ocean_shortcode_before_top_bar":"","ocean_shortcode_after_top_bar":"","ocean_shortcode_before_header":"","ocean_shortcode_after_header":"","ocean_has_shortcode":"","ocean_shortcode_after_title":"","ocean_shortcode_before_footer_widgets":"","ocean_shortcode_after_footer_widgets":"","ocean_shortcode_before_footer_bottom":"","ocean_shortcode_after_footer_bottom":"","ocean_display_top_bar":"default","ocean_display_header":"default","ocean_header_style":"","ocean_center_header_left_menu":"","ocean_custom_header_template":"","ocean_custom_logo":0,"ocean_custom_retina_logo":0,"ocean_custom_logo_max_width":0,"ocean_custom_logo_tablet_max_width":0,"ocean_custom_logo_mobile_max_width":0,"ocean_custom_logo_max_height":0,"ocean_custom_logo_tablet_max_height":0,"ocean_custom_logo_mobile_max_height":0,"ocean_header_custom_menu":"","ocean_menu_typo_font_family":"","ocean_menu_typo_font_subset":"","ocean_menu_typo_font_size":0,"ocean_menu_typo_font_size_tablet":0,"ocean_menu_typo_font_size_mobile":0,"ocean_menu_typo_font_size_unit":"px","ocean_menu_typo_font_weight":"","ocean_menu_typo_font_weight_tablet":"","ocean_menu_typo_font_weight_mobile":"","ocean_menu_typo_transform":"","ocean_menu_typo_transform_tablet":"","ocean_menu_typo_transform_mobile":"","ocean_menu_typo_line_height":0,"ocean_menu_typo_line_height_tablet":0,"ocean_menu_typo_line_height_mobile":0,"ocean_menu_typo_line_height_unit":"","ocean_menu_typo_spacing":0,"ocean_menu_typo_spacing_tablet":0,"ocean_menu_typo_spacing_mobile":0,"ocean_menu_typo_spacing_unit":"","ocean_menu_link_color":"","ocean_menu_link_color_hover":"","ocean_menu_link_color_active":"","ocean_menu_link_background":"","ocean_menu_link_hover_background":"","ocean_menu_link_active_background":"","ocean_menu_social_links_bg":"","ocean_menu_social_hover_links_bg":"","ocean_menu_social_links_color":"","ocean_menu_social_hover_links_color":"","ocean_disable_title":"default","ocean_disable_heading":"default","ocean_post_title":"","ocean_post_subheading":"","ocean_post_title_style":"","ocean_post_title_background_color":"","ocean_post_title_background":0,"ocean_post_title_bg_image_position":"","ocean_post_title_bg_image_attachment":"","ocean_post_title_bg_image_repeat":"","ocean_post_title_bg_image_size":"","ocean_post_title_height":0,"ocean_post_title_bg_overlay":0.5,"ocean_post_title_bg_overlay_color":"","ocean_disable_breadcrumbs":"default","ocean_breadcrumbs_color":"","ocean_breadcrumbs_separator_color":"","ocean_breadcrumbs_links_color":"","ocean_breadcrumbs_links_hover_color":"","ocean_display_footer_widgets":"default","ocean_display_footer_bottom":"default","ocean_custom_footer_template":"","footnotes":""},"class_list":["post-498","page","type-page","status-publish","hentry","entry"],"_links":{"self":[{"href":"https:\/\/ecolepalaisdudey.com\/index.php\/wp-json\/wp\/v2\/pages\/498","targetHints":{"allow":["GET"]}}],"collection":[{"href":"https:\/\/ecolepalaisdudey.com\/index.php\/wp-json\/wp\/v2\/pages"}],"about":[{"href":"https:\/\/ecolepalaisdudey.com\/index.php\/wp-json\/wp\/v2\/types\/page"}],"author":[{"embeddable":true,"href":"https:\/\/ecolepalaisdudey.com\/index.php\/wp-json\/wp\/v2\/users\/1"}],"replies":[{"embeddable":true,"href":"https:\/\/ecolepalaisdudey.com\/index.php\/wp-json\/wp\/v2\/comments?post=498"}],"version-history":[{"count":0,"href":"https:\/\/ecolepalaisdudey.com\/index.php\/wp-json\/wp\/v2\/pages\/498\/revisions"}],"wp:attachment":[{"href":"https:\/\/ecolepalaisdudey.com\/index.php\/wp-json\/wp\/v2\/media?parent=498"}],"curies":[{"name":"wp","href":"https:\/\/api.w.org\/{rel}","templated":true}]}}